= -33 + 38. Suppose 2*d = 0, o = g*o + 2*d - 3416. What is the tens digit of o?
5
Suppose 0 = 3*j - 6*j + 672. Suppose -4 = -5*h + 4*y, 4 = -4*h - 0*h + 5*y. Suppose -4*x - f = -j, -h*x + f + 139 + 93 = 0. What is the units digit of x?
7
Let o be (-6*(-15)/(-25))/(6/200). Let v = o + 251. What is the tens digit of v?
3
Let d(p) = 6*p**2 + 145*p + 361. What is the hundreds digit of d(25)?
7
Let p = 2211 + -2219. Let t(o) = -5*o - 5. Let c be t(-5). What is the tens digit of (-2)/p - (-3335)/c?
6
Let q = -746 + 764. Suppose q*f = 15141 - 1443. What is the hundreds digit of f?
7
Let w be (-2)/3*(-51)/34. Let x(y) = y**3 + 2*y**2 - y - 1. Let u be x(w). What is the units digit of -168*(u + (-6)/4)?
4
Suppose 38 = 9*z - 142. Suppose 2*h + z - 148 = 0. Suppose -h = -8*p + 7*p. What is the tens digit of p?
6
Suppose 2*p - 208 + 69 = 3*u, 4*u + 77 = p. Suppose 4*i + 311 = -5*w, -2*i + 3*w - 74 = p. Let y = i - -103. What is the tens digit of y?
2
Suppose 2*d = 37 - 179. Let i = 19 - d. What is the units digit of i?
0
Let u(x) = 27*x**2 + 8*x + 12. Let o(y) = 29*y**2 + 7*y + 12. Let b(g) = 4*o(g) - 3*u(g). What is the units digit of b(-5)?
7
Let i(c) be the second derivative of 15*c**4/2 - c**3/6 - 6*c. Let f be i(1). Suppose 5*r + 2*j - f = 0, -4*r + 0*r = 2*j - 70. What is the tens digit of r?
1
Suppose -235 = -3*p - 0*h - 5*h, -p - h = -81. Let t = p - 39. What is the tens digit of t?
4
Let q = -118 - -125. Suppose q*l + 20 = 153. What is the tens digit of l?
1
Let h(j) = 4283*j**2 + 24*j + 58. What is the units digit of h(-2)?
2
Let o(x) = 20*x - 22. Let q be 8 + -6 + (14 - 1). Suppose 17*c = q*c + 20. What is the hundreds digit of o(c)?
1
What is the units digit of (80 + -2347)/(-2 + 1)?
7
Let r(s) = -9*s + 123. Let u be r(22). Suppose 2*w + 8 = -0*w, 2*w - 260 = -2*c. Let i = c + u. What is the tens digit of i?
5
Let d(k) be the third derivative of 0 - 23/30*k**6 + 0*k**3 + 0*k**4 + 0*k + 0*k**5 - 20*k**2. What is the tens digit of d(-1)?
9
Let o be 56/(-84)*(-60)/2. Let y be (-3 - 4124/o)*25/(-10). Suppose -4*g + z = 2*z - 511, 5*z = -4*g + y. What is the tens digit of g?
2
Suppose -4*x = -k + 80, 8 + 176 = 2*k - 2*x. Let h(b) = -20*b**2 + 596*b + 39. Let u be h(30). Let j = k + u. What is the tens digit of j?
1
Suppose -y = y + 136. Suppose -2*f + 3*r - 315 = 188, 2*f + 501 = 5*r. Let o = y - f. What is the tens digit of o?
8
Suppose -15*k - 168*k + 297558 = 0. What is the thousands digit of k?
1
Suppose 3*r - 39 = 2*r + 55643. What is the ten thousands digit of r?
5
Let p = 94 + -92. Suppose -5*t + 4*k + 24 = k, -3*t - p*k + 3 = 0. What is the units digit of t?
3
Suppose 0 = -0*i + 3*i + 3. Let t be (i/(-1))/((-4)/(-111 - -3)). Suppose -x + 87 = -t. What is the hundreds digit of x?
1
Suppose -14 + 8 = -t. What is the tens digit of (-27)/6*(-572)/t?
2
Let u(q) = 66*q**2 - 9*q - 5. Let c be u(-2). Let x = -211 + c. What is the units digit of x?
6
What is the ten thousands digit of -20 + (16 - -18) - -20553?
2
Suppose -9*u + 145 + 17 = 0. What is the tens digit of (-11296)/48*(u/4)/(-3)?
5
Let a(y) = 173*y**2 - 57*y + 284. What is the tens digit of a(6)?
7
Let u be (-2)/((-6)/(-45)*(-4 + -1)). Let x = -37 - -36. What is the units digit of 1 - x - (-5 - u - -4)?
6
Let t(h) = 8 + 64*h**2 - 14*h**2 - 19*h**2 - h + 56*h**2. What is the tens digit of t(-3)?
9
Let x be (-76)/(-13) - (-2)/13. What is the units digit of (-12)/x - 0 - -466?
4
Let x(r) = -5*r + 47. Let n be x(-21). Let u be (5/4)/((-2)/n). Let a = u + 111. What is the tens digit of a?
1
Let z(y) be the second derivative of -y**5/20 - y**4/3 + y**3 - y**2 + 11*y. Let f be z(-6). Let i = f - 27. What is the units digit of i?
7
What is the tens digit of 1184 - ((-72)/(-8) - -2)?
7
Let o(l) = -30*l - 44. Let v be o(-6). Let m(p) = -v - 6*p + 69 - 17*p - 1. What is the tens digit of m(-8)?
1
Suppose 373*a + 359*a - 4279953 = 639*a. What is the ten thousands digit of a?
4
Let r(l) = l**2 + 3*l - 7. Suppose 0*o + 63 = -3*o. Let x = -28 - o. What is the tens digit of r(x)?
2
Let d(f) = f**2 + 6*f - 4. Let v be d(-4). Let q(z) be the first derivative of -z**3/3 - 7*z**2 + 40*z - 3804. What is the tens digit of q(v)?
6
Let i(q) = 1701*q**3 + q**2 - 4*q + 1. What is the hundreds digit of i(1)?
6
Let c be 11/(-2) + (-3)/2*-1. What is the tens digit of (-252)/(-210)*(-2)/c*1085?
5
Suppose -13 = -3*n - 2*y, 2*y - 1 = 3. Suppose 0 = a + 2*p - n, 5*p = -0*p. Suppose -2*r + 4*k = -0*k - 122, -266 = -5*r - a*k. What is the tens digit of r?
5
Let y = -690 - -1221. Let l = y - 273. What is the tens digit of l?
5
Let h = -32705 - -32861. Let m(u) = -25*u + 2. Let w be m(-2). Let l = h - w. What is the hundreds digit of l?
1
Let m = 10116 + 39845. What is the ten thousands digit of m?
4
Suppose -2*w + 3*i + 4276 = -i, -8604 = -4*w - 5*i. Suppose 420 = -u - 4*j, -3*u + 3*j = 2*u + w. What is the tens digit of (-5 - -6)/(-3) + u/(-6)?
7
Let u = 28495 + 12853. What is the hundreds digit of u?
3
What is the tens digit of ((-17634)/(-15) - 2)*((-4725)/42)/(-9)?
7
Let c be (-6 - -8 - 6/8)*4. Suppose -x - c = -14. What is the hundreds digit of (x/4)/((-3)/(-208))?
1
Let l be 842/12 - (0 + (-6)/(-36)). Suppose 104 + l = 6*y. What is the units digit of y?
9
Suppose 3*f + 14 = 8, 2*i + f - 1644 = 0. Suppose -3*r = 2*d - 1521, -2*d = 2*r - 693 - i. What is the units digit of d?
3
Let y = 5756 + 2610. What is the tens digit of y?
6
Let c(n) = 3*n**2 - 72*n - 9092. What is the hundreds digit of c(-86)?
2
Suppose -3*n = -6, 29*z - 24*z - 4*n = 2492. Suppose -2*p = -3*f + 955 - 215, -2*f = -3*p - z. What is the units digit of f?
4
Let x(r) = -r**2 + 20*r + 45. Suppose 67*h + 30 = 69*h. What is the tens digit of x(h)?
2
Let g(p) = 72*p - 660. What is the thousands digit of g(77)?
4
Suppose -3*s - 91 = -298. Let m = 258 - s. What is the units digit of m?
9
Let r(z) = 138*z**2 + z. Let l be r(-1). Suppose -3*g = -4*i - 8*g - 252, 5*i + 4*g = -315. Let x = l + i. What is the units digit of x?
4
Let g(y) = -y**3 - 12*y**2 - 9*y + 16. Let x be g(-9). Let r = 143 + x. Let h(v) = -30*v + 1. What is the units digit of h(r)?
1
Suppose -26*u - 1050148 = -29*u - 55*u. What is the units digit of u?
6
Suppose -5*z = r + 2234, -2*r + 2230 = -3*r - 4*z. Let l = r + 4379. Suppose 445 = -8*k + l. What is the hundreds digit of k?
2
Let q = 19348 + 41644. What is the thousands digit of q?
0
Suppose 6 = 3*t + 24. Let k be (-3)/t*(5 - (-3 + 4)). Let r = k + 2. What is the units digit of r?
4
Suppose 0 = 4*g - 2 - 10. Suppose -3*r - 645 = -3*d, -75 = -5*d - g*r + 1024. Let b = d - 116. What is the hundreds digit of b?
1
Let r(s) be the third derivative of 139*s**5/30 + 7*s**4/12 + 4*s**3 - 27*s**2. Let z be r(-4). Suppose 12*d - z = -4*d. What is the units digit of d?
6
Let i(r) = 12*r**2 - 42*r + 9. Let x(y) = -14*y**2 + 41*y - 9. Let u(q) = -6*i(q) - 5*x(q). What is the units digit of u(21)?
6
Let r be (30/8)/(-1*21/(-448)). Let w(d) = d**3 + 10*d**2 + 7*d + 1. Let s be w(-7). Let g = s - r. What is the units digit of g?
9
Let g(c) = -c**3 + 5*c**2 + 2*c. Suppose -11*x - 15 = 4*x. Let s(i) = 6*i**2 + 3*i + 2. Let q be s(x). What is the tens digit of g(q)?
1
Suppose -3*o - 2*o = 3*k - 137389, -3*k = 2*o - 54952. What is the thousands digit of o?
7
Let i = 9 - -5. Suppose 3*h - 5*p = i, 0 = h - 4*p + 2*p - 6. What is the hundreds digit of h/(-3) - (-5 - 2695/21)?
1
Let y(b) = 69*b**2 - 153*b**2 + 6*b**3 - 3*b + 64*b**2 + 1. What is the tens digit of y(6)?
5
Let m(n) be the first derivative of 46 + 1/2*n**2 + 31*n. What is the tens digit of m(-4)?
2
Let z(l) = 155*l - 1. Let c be z(5). Let r = -1258 + 1258. Suppose -5*v + c = -3*g, 2*v - 7*v - 5*g + 790 = r. What is the tens digit of v?
5
Let c(a) = -a**2 + 111*a + 1086. Let l be c(-9). Suppose 4*u + 5 = 5*j, 1 = 3*u - j + 2. Suppose -l*m - 4*m + 120 = u. What is the units digit of m?
2
What is the hundreds digit of ((-60)/28)/(35/(-89425))?
4
Suppose 71*j - 2812325 = -24*j + 28*j. What is the ten thousands digit of j?
4
Let t(g) = -g**2 - 9*g - 12. Let f(w) = -w**2 - 10*w - 12. Let i(n) = 2*f(n) - 3*t(n). Let b be i(-7). Suppose -4*z + 0 = -b. What is the units digit of z?
3
Let o = 2554 + 2980. What is the thousands digit of o?
5
Let w(u) = -4*u - 28. Let v be w(-8). Let q be 2 + 5/(-5) + v. 